 is the remainder when 11 is divided by b(l)?
5
Let t = 400 - 203. Calculate the remainder when t is divided by 68.
61
Let x = 29 - 26. Let t = -4 - -6. Calculate the remainder when x is divided by t.
1
Let g be (4 + -2)*(16 + -3). Suppose -w + 9 = d, -5*d + d = 2*w - g. Suppose 2*s + 2*s = -d*b + 104, 0 = -4*s. Calculate the remainder when b is divided by 9.
8
Suppose 3 = 5*q + 2*v - 11, q = -v + 4. Let k be 0/1 + q + 0. Suppose k*f = f + 24. Calculate the remainder when f is divided by 13.
11
Suppose 9*a - 4 - 41 = 0. Let j be -12*a*(-4)/(-8). Let o = -14 - j. What is the remainder when o is divided by 6?
4
Suppose 2*r - 2 = 0, -1183 = -q + 3*r - 86. Calculate the remainder when q is divided by 38.
36
Let v(c) = c**2 + 9*c + 3. Let s be v(-9). Suppose n - t - 165 = 0, -676 = -s*n - n - 4*t. What is the remainder when n is divided by 12?
11
Suppose 0 = -2*k, -2*p - k = -10 - 0. Suppose p*i - 36 = 3*i. Suppose 2*c + i = 2*h, 4*h + 4*c - 45 = -h. Calculate the remainder when 16 is divided by h.
7
Let r(k) = k**2 + 18*k + 91. Suppose 0*m = -3*m + 69. Let g = 35 - m. What is the remainder when r(-14) is divided by g?
11
Suppose -4*v = a - 3 - 7, 3*a + 4*v = 14. Calculate the remainder when 170 is divided by 2*(1 - a) + (-10 - -55).
41
Let s = -55 + 57. Suppose 50 = s*f - 0*f + 2*g, -16 = -4*g. What is the remainder when f is divided by 8?
5
Let r(b) be the third derivative of -b**5/60 - b**4/24 + 13*b**3/6 + 4*b**2. Suppose -3*k + 2*k = -37. What is the remainder when k is divided by r(0)?
11
Let q(k) = -2*k**3 + 32*k**2 + 2*k + 5. What is the remainder when 330 is divided by q(16)?
34
Suppose 4*z = 3*x - 68, 3*x - z - z = 58. Suppose 2*f = 5*p - 38, 3*p + 3*f = 8*p - 37. Let k(w) = 7*w - 25. What is the remainder when k(p) is divided by x?
15
Let u(o) = -o**3 - o**2 - o + 43. Suppose -9*a = -12*a + 45. Calculate the remainder when u(0) is divided by a.
13
Suppose -2*z = -6*z + 12. Let k be -3*(-208)/(-36)*z. What is the remainder when k*1*(0 - 1) is divided by 18?
16
Let v(t) = t**3 + 7*t**2 - 2*t - 6. Suppose 0 = 2*a + 7 + 5. Let y be v(a). Calculate the remainder when (-12)/(-24)*y*1 is divided by 12.
9
Let q(g) = -380*g - 3. Let m be q(-2). Let v(c) = -c**2 + 10*c + 3. What is the remainder when (-12)/(-66) - m/(-11) is divided by v(7)?
21
Let m be 4/(-3)*(-108)/8. Suppose -3*x + 4*h + m = 0, 5*h - 12 = -2*x - 0*x. Suppose -5*k + 14 = -41. Calculate the remainder when k is divided by x.
5
What is the remainder when (-20)/(-30) + -2*(-1101)/18 is divided by 34?
21
Calculate the remainder when (168/(-49) - -3) + 2187/7 is divided by 106.
100
Suppose f - 57 = -2*y, 4*f = 5 - 17. Suppose -4*u = -3*x + 5*x - y, 0 = -2*u - 2. Calculate the remainder when 0 - (-33)/((-2)/(-2)) is divided by x.
16
Suppose 2 = 5*t - 33. Suppose t = 3*h - 32. Let g = 1 - -4. Calculate the remainder when h is divided by g.
3
Let s = -1571 + 1582. Let j(p) = -38*p**3. What is the remainder when j(-1) is divided by s?
5
Let u = 90 + -63. Let v = 62 - u. Calculate the remainder when v is divided by 13.
9
Suppose -17*r - 37 = -292. What is the remainder when 28 is divided by r?
13
Calculate the remainder when 832 is divided by (-1716)/(-65)*5/3.
40
Suppose -2*o - o + 84 = -4*t, -2*t = 4*o - 90. Let r(n) = n - 14. Let a be r(16). Suppose 5*i - 39 = a*i. Calculate the remainder when o is divided by i.
11
Suppose -90 = -x + 3*j, 5*x - 310 = 2*x + j. Suppose 5*n = 15, 4*c + 3*n = 4*n + x. What is the remainder when 76 is divided by c?
22
Suppose 52*h - 18*h = 612. Calculate the remainder when 104 is divided by h.
14
Let s(y) = y**3 - 18*y**2 - 10*y - 49. Suppose -3*d = -3 - 72. What is the remainder when s(19) is divided by d?
22
Suppose 0 = 2*v, 0 = -4*b + 3*v + 45 + 55. Suppose -205*j + 2415 - 149 = -1014. What is the remainder when b is divided by j?
9
Suppose 4*v - 5*t + 4*t - 80 = 0, -3*v = -4*t - 73. Let f = 11 - -59. Calculate the remainder when f is divided by v.
13
Let u(i) = -2*i**3 - 3*i + 2. Let q be u(-2). Let s = q - 31. Let h(v) = v**2 + 7*v + 10. Calculate the remainder when 29 is divided by h(s).
9
What is the remainder when 1 + -1 + -4 + -16 + 28 is divided by 5?
3
Let o(t) be the second derivative of -7/12*t**4 - 1/10*t**5 - t**3 + 12*t - 4*t**2 + 0. Calculate the remainder when o(-4) is divided by 17.
15
Let d(w) = 8*w**3 + 2*w**2 + 2*w - 11. What is the remainder when 711 is divided by d(2)?
61
Let i = 1246 + -783. Calculate the remainder when i is divided by 16.
15
Suppose -1976 = -42*f + 4*f. Suppose -4*l + 6 + 70 = 0. What is the remainder when f is divided by l?
14
Suppose 0*g = 2*g. Suppose 8*w - 6*w + 8 = 0, 3*n - 2*w - 326 = g. Let a = 43 - 7. What is the remainder when n is divided by a?
34
Let x(h) be the first derivative of h**4/4 + 2*h + 21. Calculate the remainder when 42 is divided by x(2).
2
Let h be ((-20)/40)/(2/64). What is the remainder when 44 is divided by (-2 + h/28)*(-14)/3?
8
Suppose -972*r = -963*r - 792. Calculate the remainder when 181 is divided by r.
5
Suppose -36*p = -25*p - 6897. What is the remainder when p is divided by 14?
11
Let z = -12456 - -12635. Let g(l) = l**2 + l. What is the remainder when z is divided by g(-5)?
19
Suppose 4*k + 48 = 5*o - 7, 4*k - 55 = -5*o. Calculate the remainder when 52/1 - (-16 - -16) is divided by o.
8
Let z(v) = -2*v. Let b be z(-2). Suppose 3*w + 0*r = 4*r + 30, -59 = -b*w - r. Calculate the remainder when (45/10)/(1/12) is divided by w.
12
Suppose 0 = 25*f - 23*f - 4*s - 14, 0 = 2*f + 4*s - 22. Let j = -23 + 83. Calculate the remainder when j is divided by f.
6
Let h = -1073 + 1252. What is the remainder when h is divided by 46?
41
Suppose 3*h - 44 = 2*q - 177, -4*q - h = -259. What is the remainder when q is divided by 17?
14
Suppose s + 1245 = 2*v, 3*s = 3*v - 1261 - 602. Calculate the remainder when v is divided by 30.
24
Calculate the remainder when 76 is divided by ((-15)/(-25) - 1) + (-261)/(-15).
8
Suppose -2*i = -11 - 1. Let c(r) = -11 - 13*r + 7*r + 14*r. Calculate the remainder when c(4) is divided by i.
3
Let f be 2 + 9/((-3)/(-1)). Suppose -f*v - 1 + 136 = 0. Let s = -10 - -20. Calculate the remainder when v is divided by s.
7
Let m be (-3)/(1*-1) + (30 - 26). Suppose -68 + 26 = -m*v. What is the remainder when 28 is divided by v?
4
Suppose 24*y - 31*y = -231. Calculate the remainder when y is divided by 13.
7
What is the remainder when 105 is divided by 40/400 - (-178)/20?
6
Calculate the remainder when (-1 - 59)/((-2)/5) is divided by 77.
73
Let g = -10 - -3. Let d = 8 - g. Calculate the remainder when d is divided by 3.
0
Let j be 0/(-3 + 5)*1. Suppose 2*t + 2*t - 4*f - 176 = 0, 2*t - 4*f - 98 = j. Calculate the remainder when t is divided by 8.
7
Suppose -4*f + 272 = -x, 3*f + 5*x - 3*x = 215. Let z = -51 + f. Let t(w) = w**3 - 3*w**2 + 4*w + 1. What is the remainder when t(4) is divided by z?
15
Suppose -11*r - 16 = -148. Suppose -20*y = -15*y - 75. What is the remainder when y is divided by r?
3
Suppose -9 = -2*z - 3*w, -5*z + 4*w = 3*w + 3. Suppose -4*q + 2*q - 146 = z. Let k = q + 137. What is the remainder when k is divided by 22?
20
Suppose -138 + 9 = -2*h - 5*r, -5*r = 5. Calculate the remainder when h is divided by 26.
15
Let i = 30 + -30. Suppose i = -4*d + 32 + 24. What is the remainder when 40 is divided by d?
12
Let b(x) = x - 1. Let t(r) = -1. Let n(h) = -b(h) - 3*t(h). Let y be n(0). Suppose -y*k + 48 = -0*k. Calculate the remainder when 21 is divided by k.
9
Let h = 403 - 376. Suppose 8*v = 3*v + f + 34, 4*f + 10 = 2*v. What is the remainder when h is divided by v?
6
Suppose -4*b = -28 - 0. Calculate the remainder when 26 is divided by b.
5
Let m(z) = 3*z**3 + 15*z**2 - 4*z - 11. Calculate the remainder when 87 is divided by m(-5).
6
Calculate the remainder when 201 is divided by (156/(-195))/(4/((-2160)/4)).
93
Let m = 9 + -17. Let z = -7 - m. Let u(s) = 16*s**2 + 2*s - 2. What is the remainder when 47 is divided by u(z)?
15
Let t(n) = -n**2 - 12*n - 3. Suppose 3 = 4*l + 15. What is the remainder when t(-3) is divided by (-3 - -3) + l + 16?
11
Let o be (-4)/(-22) - 32664/88. Let h = o - -520. What is the remainder when h is divided by 30?
29
Let j(t) = t**3 - 6*t**2 + 7*t + 2. Suppose 58 + 162 = 5*k. Calculate the remainder when k is divided by j(5).
8
Su